{"id":941,"date":"2021-03-08T16:14:21","date_gmt":"2021-03-08T15:14:21","guid":{"rendered":"https:\/\/draisines.online\/?page_id=941"},"modified":"2025-03-23T14:01:26","modified_gmt":"2025-03-23T13:01:26","slug":"de-valleien-via-het-spoor","status":"publish","type":"page","link":"https:\/\/draisines.online\/index.php\/nl\/de-valleien-via-het-spoor\/","title":{"rendered":"De valleien via het spoor"},"content":{"rendered":"<p>[et_pb_section fb_built=\u00a0\u00bb1&Prime; custom_padding_last_edited=\u00a0\u00bbon|tablet\u00a0\u00bb admin_label=\u00a0\u00bbHeader\u00a0\u00bb _builder_version=\u00a0\u00bb4.16&Prime; use_background_color_gradient=\u00a0\u00bbon\u00a0\u00bb background_color_gradient_direction=\u00a0\u00bb324deg\u00a0\u00bb background_color_gradient_stops=\u00a0\u00bbrgba(255,153,134,0.32) 0%|rgba(255,93,93,0) 55%\u00a0\u00bb background_color_gradient_start=\u00a0\u00bbrgba(255,153,134,0.32)\u00a0\u00bb background_color_gradient_end=\u00a0\u00bbrgba(255,93,93,0)\u00a0\u00bb background_color_gradient_end_position=\u00a0\u00bb55%\u00a0\u00bb background_position=\u00a0\u00bbbottom_center\u00a0\u00bb max_width=\u00a0\u00bb95%\u00a0\u00bb custom_margin=\u00a0\u00bb|19px||||\u00a0\u00bb custom_padding=\u00a0\u00bb0px|||0vw||\u00a0\u00bb custom_padding_tablet=\u00a0\u00bb|||0vw\u00a0\u00bb custom_padding_phone=\u00a0\u00bb||||false\u00a0\u00bb border_radii=\u00a0\u00bb|||20vw|\u00a0\u00bb locked=\u00a0\u00bboff\u00a0\u00bb global_colors_info=\u00a0\u00bb{}\u00a0\u00bb][et_pb_row column_structure=\u00a0\u00bb1_3,1_3,1_3&Prime; use_custom_gutter=\u00a0\u00bbon\u00a0\u00bb gutter_width=\u00a0\u00bb1&Prime; custom_padding_last_edited=\u00a0\u00bboff|phone\u00a0\u00bb _builder_version=\u00a0\u00bb4.16&Prime; width=\u00a0\u00bb100%\u00a0\u00bb max_width=\u00a0\u00bbnone\u00a0\u00bb module_alignment=\u00a0\u00bbleft\u00a0\u00bb custom_margin=\u00a0\u00bb||||false|false\u00a0\u00bb custom_padding=\u00a0\u00bb0px||\u00a0\u00bb custom_padding_tablet=\u00a0\u00bb60px|40px|60px|40px|true\u00a0\u00bb custom_padding_phone=\u00a0\u00bb40px||40px||true\u00a0\u00bb background_last_edited=\u00a0\u00bboff|desktop\u00a0\u00bb border_radii=\u00a0\u00bb||||\u00a0\u00bb global_colors_info=\u00a0\u00bb{}\u00a0\u00bb][et_pb_column type=\u00a0\u00bb1_3&Prime; _builder_version=\u00a0\u00bb4.16&Prime; use_background_color_gradient=\u00a0\u00bbon\u00a0\u00bb background_color_gradient_direction=\u00a0\u00bb166deg\u00a0\u00bb background_color_gradient_stops=\u00a0\u00bb#FFC984 0%|#FF5D5D 79%\u00a0\u00bb background_color_gradient_start=\u00a0\u00bb#FFC984&Prime; background_color_gradient_end=\u00a0\u00bb#FF5D5D\u00a0\u00bb background_color_gradient_end_position=\u00a0\u00bb79%\u00a0\u00bb custom_padding=\u00a0\u00bb24px|3vw|24px|3vw|true|true\u00a0\u00bb border_radii=\u00a0\u00bb|||100px|\u00a0\u00bb global_colors_info=\u00a0\u00bb{}\u00a0\u00bb][et_pb_text _builder_version=\u00a0\u00bb4.16&Prime; text_font=\u00a0\u00bb||||||||\u00a0\u00bb header_font=\u00a0\u00bb||||||||\u00a0\u00bb header_2_font=\u00a0\u00bbOswald|700||on|||||\u00a0\u00bb header_2_font_size=\u00a0\u00bb28px\u00a0\u00bb header_2_line_height=\u00a0\u00bb1.3em\u00a0\u00bb background_layout=\u00a0\u00bbdark\u00a0\u00bb header_2_font_size_tablet=\u00a0\u00bb26px\u00a0\u00bb header_2_font_size_phone=\u00a0\u00bb22px\u00a0\u00bb header_2_font_size_last_edited=\u00a0\u00bbon|phone\u00a0\u00bb locked=\u00a0\u00bboff\u00a0\u00bb global_colors_info=\u00a0\u00bb{}\u00a0\u00bb]<\/p>\n<h2>DE RAILBIKES VAN DE MOLIGN\u00c9E<\/h2>\n<p>[\/et_pb_text][\/et_pb_column][et_pb_column type=\u00a0\u00bb1_3&Prime; _builder_version=\u00a0\u00bb4.16&Prime; global_colors_info=\u00a0\u00bb{}\u00a0\u00bb][\/et_pb_column][et_pb_column type=\u00a0\u00bb1_3&Prime; _builder_version=\u00a0\u00bb4.16&Prime; global_colors_info=\u00a0\u00bb{}\u00a0\u00bb][\/et_pb_column][\/et_pb_row][et_pb_row _builder_version=\u00a0\u00bb4.16&Prime; global_colors_info=\u00a0\u00bb{}\u00a0\u00bb][et_pb_column type=\u00a0\u00bb4_4&Prime; _builder_version=\u00a0\u00bb4.16&Prime; global_colors_info=\u00a0\u00bb{}\u00a0\u00bb][et_pb_text _builder_version=\u00a0\u00bb4.16&Prime; text_font=\u00a0\u00bb|600|||||||\u00a0\u00bb text_text_color=\u00a0\u00bbrgba(0,0,0,0.5)\u00a0\u00bb text_line_height=\u00a0\u00bb1.8em\u00a0\u00bb header_font=\u00a0\u00bbOswald|900||on|||||\u00a0\u00bb header_text_color=\u00a0\u00bb#170075&Prime; header_font_size=\u00a0\u00bb63px\u00a0\u00bb header_letter_spacing=\u00a0\u00bb0.05em\u00a0\u00bb transform_scale_tablet=\u00a0\u00bb\u00a0\u00bb transform_scale_phone=\u00a0\u00bb\u00a0\u00bb transform_scale_last_edited=\u00a0\u00bbon|desktop\u00a0\u00bb transform_translate_linked=\u00a0\u00bboff\u00a0\u00bb transform_rotate_tablet=\u00a0\u00bb\u00a0\u00bb transform_rotate_phone=\u00a0\u00bb\u00a0\u00bb transform_rotate_last_edited=\u00a0\u00bbon|desktop\u00a0\u00bb transform_skew_tablet=\u00a0\u00bb\u00a0\u00bb transform_skew_phone=\u00a0\u00bb\u00a0\u00bb transform_skew_last_edited=\u00a0\u00bbon|desktop\u00a0\u00bb transform_origin_tablet=\u00a0\u00bb\u00a0\u00bb transform_origin_phone=\u00a0\u00bb\u00a0\u00bb transform_origin_last_edited=\u00a0\u00bbon|desktop\u00a0\u00bb header_font_size_tablet=\u00a0\u00bb60px\u00a0\u00bb header_font_size_phone=\u00a0\u00bb44px\u00a0\u00bb header_font_size_last_edited=\u00a0\u00bbon|desktop\u00a0\u00bb header_text_shadow_style=\u00a0\u00bbpreset3&Prime; header_text_shadow_blur_strength=\u00a0\u00bb0em\u00a0\u00bb locked=\u00a0\u00bboff\u00a0\u00bb global_colors_info=\u00a0\u00bb{}\u00a0\u00bb]<\/p>\n<h1>GROEPSUITSTAP<\/h1>\n<p>[\/et_pb_text][et_pb_text _builder_version=\u00a0\u00bb4.16.0&Prime; _module_preset=\u00a0\u00bbdefault\u00a0\u00bb header_font_size=\u00a0\u00bb21px\u00a0\u00bb header_2_font=\u00a0\u00bbOswald|||on|||||\u00a0\u00bb header_2_text_color=\u00a0\u00bb#f92a2a\u00a0\u00bb header_2_font_size=\u00a0\u00bb38px\u00a0\u00bb header_2_font_size_tablet=\u00a0\u00bb\u00a0\u00bb header_2_font_size_phone=\u00a0\u00bb29px\u00a0\u00bb header_2_font_size_last_edited=\u00a0\u00bbon|phone\u00a0\u00bb global_colors_info=\u00a0\u00bb{}\u00a0\u00bb]<\/p>\n<h2>DE VALLEIEN VIA HET SPOOR<\/h2>\n<h3>Groep van minimaal 30 personen en maximaal 144 personen<\/h3>\n<p>[\/et_pb_text][\/et_pb_column][\/et_pb_row][\/et_pb_section][et_pb_section fb_built=\u00a0\u00bb1&Prime; _builder_version=\u00a0\u00bb4.16&Prime; _module_preset=\u00a0\u00bbdefault\u00a0\u00bb custom_padding=\u00a0\u00bb19px|||||\u00a0\u00bb global_colors_info=\u00a0\u00bb{}\u00a0\u00bb][et_pb_row column_structure=\u00a0\u00bb1_5,3_5,1_5&Prime; _builder_version=\u00a0\u00bb4.16&Prime; _module_preset=\u00a0\u00bbdefault\u00a0\u00bb global_colors_info=\u00a0\u00bb{}\u00a0\u00bb][et_pb_column type=\u00a0\u00bb1_5&Prime; _builder_version=\u00a0\u00bb4.16&Prime; _module_preset=\u00a0\u00bbdefault\u00a0\u00bb global_colors_info=\u00a0\u00bb{}\u00a0\u00bb][\/et_pb_column][et_pb_column type=\u00a0\u00bb3_5&Prime; _builder_version=\u00a0\u00bb4.16&Prime; _module_preset=\u00a0\u00bbdefault\u00a0\u00bb global_colors_info=\u00a0\u00bb{}\u00a0\u00bb][et_pb_text _builder_version=\u00a0\u00bb4.27.4&Prime; _module_preset=\u00a0\u00bbdefault\u00a0\u00bb header_3_text_color=\u00a0\u00bb#f92a2a\u00a0\u00bb header_3_font_size=\u00a0\u00bb29px\u00a0\u00bb header_3_line_height=\u00a0\u00bb1.7em\u00a0\u00bb hover_enabled=\u00a0\u00bb0&Prime; global_colors_info=\u00a0\u00bb{}\u00a0\u00bb sticky_enabled=\u00a0\u00bb0&Prime;]<\/p>\n<h3>Ochtend<\/h3>\n<p><strong>10:00 uur<\/strong> vertrek met een motorwagen vanuit Warnant.<\/p>\n<p>Fiets 4 km in je eigen tempo van Warnant naar Fala\u00ebn en volg de meanders van de Molign\u00e9e-vallei, steek tunnels over en bewonder onderweg de ru\u00efnes van Motaigle.<\/p>\n<p>Keer na een korte pauze terug per draisine via hetzelfde pad richting Warnant.<\/p>\n<p>[\/et_pb_text][et_pb_image src=\u00a0\u00bbhttps:\/\/draisines.online\/wp-content\/uploads\/2021\/03\/440_0_5089787_176891.jpg\u00a0\u00bb title_text=\u00a0\u00bb440_0_5089787_176891&Prime; align=\u00a0\u00bbcenter\u00a0\u00bb _builder_version=\u00a0\u00bb4.16&Prime; _module_preset=\u00a0\u00bbdefault\u00a0\u00bb global_colors_info=\u00a0\u00bb{}\u00a0\u00bb][\/et_pb_image][et_pb_text _builder_version=\u00a0\u00bb4.16&Prime; _module_preset=\u00a0\u00bbdefault\u00a0\u00bb header_3_text_color=\u00a0\u00bb#f92a2a\u00a0\u00bb header_3_font_size=\u00a0\u00bb29px\u00a0\u00bb header_3_line_height=\u00a0\u00bb1.7em\u00a0\u00bb global_colors_info=\u00a0\u00bb{}\u00a0\u00bb]<\/p>\n<h3>Middag<\/h3>\n<p>Ontdek aan boord van een motorwagen een andere vallei, die van Bocq.<\/p>\n<p>Met de enkelsporige spoorlijn kunt u betoverende landschappen vanuit een ongewone hoek bewonderen.<\/p>\n<p>De Bocq-lijn, gebouwd tussen 1898 en 1907, is de meest spectaculaire van Belgi\u00eb omdat ze een indrukwekkend aantal tunnels en viaducten heeft!<\/p>\n<p>[\/et_pb_text][et_pb_image src=\u00a0\u00bbhttps:\/\/draisines.online\/wp-content\/uploads\/2021\/03\/440_0_5231028_176891.jpg\u00a0\u00bb title_text=\u00a0\u00bb440_0_5231028_176891&Prime; align=\u00a0\u00bbcenter\u00a0\u00bb _builder_version=\u00a0\u00bb4.16&Prime; _module_preset=\u00a0\u00bbdefault\u00a0\u00bb global_colors_info=\u00a0\u00bb{}\u00a0\u00bb][\/et_pb_image][et_pb_text _builder_version=\u00a0\u00bb4.27.4&Prime; _module_preset=\u00a0\u00bbdefault\u00a0\u00bb link_font=\u00a0\u00bb||||on||||\u00a0\u00bb header_3_text_color=\u00a0\u00bb#f92a2a\u00a0\u00bb header_3_font_size=\u00a0\u00bb29px\u00a0\u00bb header_3_line_height=\u00a0\u00bb1.7em\u00a0\u00bb hover_enabled=\u00a0\u00bb0&Prime; global_colors_info=\u00a0\u00bb{}\u00a0\u00bb sticky_enabled=\u00a0\u00bb0&Prime;]<\/p>\n<h3>Groep van minimaal 30 personen en maximaal 144 personen<\/h3>\n<p>Minimale reservering 3 weken voor de excursie.<br \/>Groep van minimaal 30 personen en maximaal 144 personen.<\/p>\n<p><strong>Informatie<\/strong>: info@draisines.online<\/p>\n<p>De reis tussen attracties op eigen gelegenheid.<\/p>\n<p>[\/et_pb_text][\/et_pb_column][et_pb_column type=\u00a0\u00bb1_5&Prime; _builder_version=\u00a0\u00bb4.16&Prime; _module_preset=\u00a0\u00bbdefault\u00a0\u00bb global_colors_info=\u00a0\u00bb{}\u00a0\u00bb][\/et_pb_column][\/et_pb_row][\/et_pb_section]<\/p>\n","protected":false},"excerpt":{"rendered":"<p>DE RAILBIKES VAN DE MOLIGN\u00c9EGROEPSUITSTAPDE VALLEIEN VIA HET SPOOR Groep van minimaal 30 personen en maximaal 144 personenOchtend 10:00 uur vertrek met een motorwagen vanuit Warnant. Fiets 4 km in je eigen tempo van Warnant naar Fala\u00ebn en volg de meanders van de Molign\u00e9e-vallei, steek tunnels over en bewonder onderweg de ru\u00efnes van Motaigle. Keer [&hellip;]<\/p>\n","protected":false},"author":2,"featured_media":0,"parent":0,"menu_order":0,"comment_status":"closed","ping_status":"closed","template":"","meta":{"_et_pb_use_builder":"on","_et_pb_old_content":"","_et_gb_content_width":"","footnotes":""},"class_list":["post-941","page","type-page","status-publish","hentry"],"_links":{"self":[{"href":"https:\/\/draisines.online\/index.php\/wp-json\/wp\/v2\/pages\/941","targetHints":{"allow":["GET"]}}],"collection":[{"href":"https:\/\/draisines.online\/index.php\/wp-json\/wp\/v2\/pages"}],"about":[{"href":"https:\/\/draisines.online\/index.php\/wp-json\/wp\/v2\/types\/page"}],"author":[{"embeddable":true,"href":"https:\/\/draisines.online\/index.php\/wp-json\/wp\/v2\/users\/2"}],"replies":[{"embeddable":true,"href":"https:\/\/draisines.online\/index.php\/wp-json\/wp\/v2\/comments?post=941"}],"version-history":[{"count":12,"href":"https:\/\/draisines.online\/index.php\/wp-json\/wp\/v2\/pages\/941\/revisions"}],"predecessor-version":[{"id":2275,"href":"https:\/\/draisines.online\/index.php\/wp-json\/wp\/v2\/pages\/941\/revisions\/2275"}],"wp:attachment":[{"href":"https:\/\/draisines.online\/index.php\/wp-json\/wp\/v2\/media?parent=941"}],"curies":[{"name":"wp","href":"https:\/\/api.w.org\/{rel}","templated":true}]}}

<p>[et_pb_section fb_built= »1&Prime; custom_padding_last_edited= »on|tablet » admin_label= »Header » _builder_version= »4.16&Prime; use_background_color_gradient= »on » background_color_gradient_direction= »324deg » background_color_gradient_stops= »rgba(255,153,134,0.32) 0%|rgba(255,93,93,0) 55% » background_color_gradient_start= »rgba(255,153,134,0.32) » background_color_gradient_end= »rgba(255,93,93,0) » background_color_gradient_end_position= »55% » background_position= »bottom_center » max_width= »95% » custom_margin= »|19px|||| » custom_padding= »0px|||0vw|| » custom_padding_tablet= »|||0vw » custom_padding_phone= »||||false » border_radii= »|||20vw| » locked= »off » global_colors_info= »{} »][et_pb_row column_structure= »1_3,1_3,1_3&Prime; use_custom_gutter= »on » gutter_width= »1&Prime; custom_padding_last_edited= »off|phone » _builder_version= »4.16&Prime; width= »100% » max_width= »none » module_alignment= »left » custom_margin= »||||false|false » custom_padding= »0px|| » custom_padding_tablet= »60px|40px|60px|40px|true » custom_padding_phone= »40px||40px||true » background_last_edited= »off|desktop » border_radii= »|||| » global_colors_info= »{} »][et_pb_column type= »1_3&Prime; _builder_version= »4.16&Prime; use_background_color_gradient= »on » background_color_gradient_direction= »166deg » background_color_gradient_stops= »#FFC984 0%|#FF5D5D 79% » background_color_gradient_start= »#FFC984&Prime; background_color_gradient_end= »#FF5D5D » background_color_gradient_end_position= »79% » custom_padding= »24px|3vw|24px|3vw|true|true » border_radii= »|||100px| » global_colors_info= »{} »][et_pb_text _builder_version= »4.16&Prime; text_font= »|||||||| » header_font= »|||||||| » header_2_font= »Oswald|700||on||||| » header_2_font_size= »28px » header_2_line_height= »1.3em » background_layout= »dark » header_2_font_size_tablet= »26px » header_2_font_size_phone= »22px » header_2_font_size_last_edited= »on|phone » locked= »off » global_colors_info= »{} »]</p>
<h2>DE RAILBIKES VAN DE MOLIGNÉE</h2>
<p>[/et_pb_text][/et_pb_column][et_pb_column type= »1_3&Prime; _builder_version= »4.16&Prime; global_colors_info= »{} »][/et_pb_column][et_pb_column type= »1_3&Prime; _builder_version= »4.16&Prime; global_colors_info= »{} »][/et_pb_column][/et_pb_row][et_pb_row _builder_version= »4.16&Prime; global_colors_info= »{} »][et_pb_column type= »4_4&Prime; _builder_version= »4.16&Prime; global_colors_info= »{} »][et_pb_text _builder_version= »4.16&Prime; text_font= »|600||||||| » text_text_color= »rgba(0,0,0,0.5) » text_line_height= »1.8em » header_font= »Oswald|900||on||||| » header_text_color= »#170075&Prime; header_font_size= »63px » header_letter_spacing= »0.05em » transform_scale_tablet= » » transform_scale_phone= » » transform_scale_last_edited= »on|desktop » transform_translate_linked= »off » transform_rotate_tablet= » » transform_rotate_phone= » » transform_rotate_last_edited= »on|desktop » transform_skew_tablet= » » transform_skew_phone= » » transform_skew_last_edited= »on|desktop » transform_origin_tablet= » » transform_origin_phone= » » transform_origin_last_edited= »on|desktop » header_font_size_tablet= »60px » header_font_size_phone= »44px » header_font_size_last_edited= »on|desktop » header_text_shadow_style= »preset3&Prime; header_text_shadow_blur_strength= »0em » locked= »off » global_colors_info= »{} »]</p>
<h1>GROEPSUITSTAP</h1>
<p>[/et_pb_text][et_pb_text _builder_version= »4.16.0&Prime; _module_preset= »default » header_font_size= »21px » header_2_font= »Oswald|||on||||| » header_2_text_color= »#f92a2a » header_2_font_size= »38px » header_2_font_size_tablet= » » header_2_font_size_phone= »29px » header_2_font_size_last_edited= »on|phone » global_colors_info= »{} »]</p>
<h2>DE VALLEIEN VIA HET SPOOR</h2>
<h3>Groep van minimaal 30 personen en maximaal 144 personen</h3>
<p>[/et_pb_text][/et_pb_column][/et_pb_row][/et_pb_section][et_pb_section fb_built= »1&Prime; _builder_version= »4.16&Prime; _module_preset= »default » custom_padding= »19px||||| » global_colors_info= »{} »][et_pb_row column_structure= »1_5,3_5,1_5&Prime; _builder_version= »4.16&Prime; _module_preset= »default » global_colors_info= »{} »][et_pb_column type= »1_5&Prime; _builder_version= »4.16&Prime; _module_preset= »default » global_colors_info= »{} »][/et_pb_column][et_pb_column type= »3_5&Prime; _builder_version= »4.16&Prime; _module_preset= »default » global_colors_info= »{} »][et_pb_text _builder_version= »4.27.4&Prime; _module_preset= »default » header_3_text_color= »#f92a2a » header_3_font_size= »29px » header_3_line_height= »1.7em » hover_enabled= »0&Prime; global_colors_info= »{} » sticky_enabled= »0&Prime;]</p>
<h3>Ochtend</h3>
<p><strong>10:00 uur</strong> vertrek met een motorwagen vanuit Warnant.</p>
<p>Fiets 4 km in je eigen tempo van Warnant naar Falaën en volg de meanders van de Molignée-vallei, steek tunnels over en bewonder onderweg de ruïnes van Motaigle.</p>
<p>Keer na een korte pauze terug per draisine via hetzelfde pad richting Warnant.</p>
<p>[/et_pb_text][et_pb_image src= »https://draisines.online/wp-content/uploads/2021/03/440_0_5089787_176891.jpg » title_text= »440_0_5089787_176891&Prime; align= »center » _builder_version= »4.16&Prime; _module_preset= »default » global_colors_info= »{} »][/et_pb_image][et_pb_text _builder_version= »4.16&Prime; _module_preset= »default » header_3_text_color= »#f92a2a » header_3_font_size= »29px » header_3_line_height= »1.7em » global_colors_info= »{} »]</p>
<h3>Middag</h3>
<p>Ontdek aan boord van een motorwagen een andere vallei, die van Bocq.</p>
<p>Met de enkelsporige spoorlijn kunt u betoverende landschappen vanuit een ongewone hoek bewonderen.</p>
<p>De Bocq-lijn, gebouwd tussen 1898 en 1907, is de meest spectaculaire van België omdat ze een indrukwekkend aantal tunnels en viaducten heeft!</p>
<p>[/et_pb_text][et_pb_image src= »https://draisines.online/wp-content/uploads/2021/03/440_0_5231028_176891.jpg » title_text= »440_0_5231028_176891&Prime; align= »center » _builder_version= »4.16&Prime; _module_preset= »default » global_colors_info= »{} »][/et_pb_image][et_pb_text _builder_version= »4.27.4&Prime; _module_preset= »default » link_font= »||||on|||| » header_3_text_color= »#f92a2a » header_3_font_size= »29px » header_3_line_height= »1.7em » hover_enabled= »0&Prime; global_colors_info= »{} » sticky_enabled= »0&Prime;]</p>
<h3>Groep van minimaal 30 personen en maximaal 144 personen</h3>
<p>Minimale reservering 3 weken voor de excursie.<br />Groep van minimaal 30 personen en maximaal 144 personen.</p>
<p><strong>Informatie</strong>: info@draisines.online</p>
<p>De reis tussen attracties op eigen gelegenheid.</p>
<p>[/et_pb_text][/et_pb_column][et_pb_column type= »1_5&Prime; _builder_version= »4.16&Prime; _module_preset= »default » global_colors_info= »{} »][/et_pb_column][/et_pb_row][/et_pb_section]</p>

<p>DE RAILBIKES VAN DE MOLIGNÉEGROEPSUITSTAPDE VALLEIEN VIA HET SPOOR Groep van minimaal 30 personen en maximaal 144 personenOchtend 10:00 uur vertrek met een motorwagen vanuit Warnant. Fiets 4 km in je eigen tempo van Warnant naar Falaën en volg de meanders van de Molignée-vallei, steek tunnels over en bewonder onderweg de ruïnes van Motaigle. Keer [&hellip;]</p>
